git of g(-9)?
0
Suppose -2*o + 8 = 0, 104 = -4*t + o + o. Let q = t - -33. What is the units digit of q?
9
Let f(i) = -i**3 - 10*i**2 - 17*i + 1. What is the units digit of f(-8)?
9
Let o(z) = 10*z**3 - 2*z + 6. What is the units digit of o(3)?
0
Suppose 2*g - 12 = -2. Suppose -g*j - 35 = -2*z, z + 2*j + 0 = -5. What is the units digit of z?
5
Let r be 5*(-3)/((-9)/6). Let i = r + -6. What is the units digit of i?
4
Suppose 2*n - 4*f = 26, 6*n - 4*f - 29 = 3*n. Suppose 0 = n*r + r. Suppose 0 = -r*k - 3*k + 6. What is the units digit of k?
2
Suppose 0 = 11*w - 0*w - 1067. What is the units digit of w?
7
Let g(d) = -d**2 - d. Let a be g(1). Let p = -3 - a. What is the units digit of 6/(-3) + 2 - p?
1
Suppose -4*k - 41 = -157. What is the tens digit of k?
2
Suppose -2*a + 14 + 3 = -5*g, -4*g - 8 = 4*a. Let y be (2/g)/((-2)/9). Let h = y - 1. What is the units digit of h?
2
Suppose 8*n - 5*n + 135 = 0. Let m = -21 - n. What is the units digit of m?
4
Let n(a) = a**2 - a - 5. Let v(t) = 7*t**2 - t**2 - 5*t**2. Let g be v(-2). What is the units digit of n(g)?
7
Let p(q) = q**2 - q - 7. Let c be p(4). Suppose 3*o = 5*j - 0*o - 167, c*j = -3*o + 143. What is the units digit of j?
1
Let f = 8 - -25. What is the units digit of f?
3
Let m(c) be the third derivative of c**5/15 - c**4/24 - 2*c**2. Let x be m(-1). Suppose 0 = -p + x + 2. What is the units digit of p?
7
Let c(n) = n**2 + 4*n + 4. Let t be c(-4). Let q(m) = -t - 3*m + 0 - 3. What is the tens digit of q(-6)?
1
Suppose -6*f + 5*f + 72 = 0. What is the units digit of f?
2
Let u = -89 + 172. What is the units digit of u?
3
Let a = -4 + 11. Suppose -19*w - 902 = -8*w. What is the units digit of (-10)/(-35) - w/a?
2
Let y(t) = t + 4. Let o be y(0). Suppose 0 = -u + o*u + 3. What is the units digit of -3*u/(-1)*-3?
9
Let l be (-30)/(-40) - 426/(-8). Suppose 0 = -5*z, -166 = -4*w + 4*z - l. What is the tens digit of w?
2
Suppose 197 = 4*t - 83. What is the units digit of t?
0
Let c(w) be the third derivative of w**4/24 - 2*w**3/3 - 2*w**2. Let l be c(6). Suppose -4*b = 4*u - 56, -5*u + b + l*b = -38. What is the tens digit of u?
1
Let b = 42 - 18. Let w be 2/(b/27)*4. What is the units digit of 3/w + (-51)/(-9)?
6
Let n = 20 - 12. What is the units digit of 34/6 - n/12?
5
Suppose 0 = 3*d - 2*o + 12, 0 = o + o - 6. Let v be -1*(d + -1*2). Let g = 5 - v. What is the units digit of g?
1
Let q(s) = s**3 - 20*s**2 - 20*s - 11. Let l be q(21). Suppose 7*p = 2*p. Suppose p*t - t = -l. What is the tens digit of t?
1
Suppose 4*q - 272 = 4*a, 179 - 45 = 2*q - 3*a. What is the tens digit of q?
7
Suppose -1 = 4*a + 5*w - 61, 2*w - 38 = -3*a. Let p be 3/2*(-272)/(-12). Suppose 5*x - a = 0, -4*r + 3*x + p = 4*x. What is the units digit of r?
8
Suppose 3*q + q = 12. Suppose -q*j = m - 34, 3*m - j = -m + 84. Suppose -m = -2*y - 0*y. What is the tens digit of y?
1
Let n(m) = 2*m + 2. What is the units digit of n(6)?
4
Let p = 6 + -11. Let x = 0 - p. What is the units digit of x?
5
Let o be (-18)/(-15) + (-2)/10. Let u = 12 + -10. What is the tens digit of o + (7 + u - -2)?
1
Let c = 57 + -41. What is the units digit of c?
6
Let o = -2 - -1. Let z = 3 + o. What is the units digit of z?
2
Let k(m) = 81*m - 4. What is the hundreds digit of k(2)?
1
Let x = 6 - 3. Let y = 17 + x. What is the units digit of 24/(-10)*y/(-6)?
8
Suppose 2*m = 2*u - 3*m - 83, -4*u + 3*m = -131. What is the tens digit of u?
2
Suppose t + 4*n + 14 = 0, -4*t + 5*n = -35 + 7. Let h(b) = 3*b**3 - 4*b**2 + 3*b. Let m be h(t). Suppose m - 1 = x. What is the tens digit of x?
1
Suppose 0*r = r - 5, 2*r - 26 = -4*g. Let b be -1 + g - 6/(-3). Suppose b*n - 6 = -1. What is the units digit of n?
1
Let s be -3 + 1 - (1 - 30). Let j = 43 - s. What is the tens digit of j?
1
Let t(f) = -2*f - 2. What is the tens digit of t(-6)?
1
Let z(v) = 3*v**2 - v**3 + 6 + 2*v**2 - 4*v - 3. Let i be -1*(-8)/2 - 0. What is the units digit of z(i)?
3
Let f = -1 + 2. Suppose -d = -9 + f. Suppose -4*h + 8*h - d = 0. What is the units digit of h?
2
Let r(b) = b**3 + 8*b**2 - 3*b - 10. What is the units digit of r(-4)?
6
Let y = 8 + -5. Suppose -8*j = -y*j - 10. Suppose j*w = r - 5 + 10, 5*w = 2*r + 12. What is the units digit of w?
2
What is the units digit of (1792/(-42))/(4/(-6))?
4
Suppose 2*h = 4*h - 4. Let j(p) be the third derivative of p**4/12 - p**3/2 + 2*p**2. What is the units digit of j(h)?
1
What is the units digit of (-40)/(-3) + -5 + 28/6?
3
Let h be (2*-1)/((-6)/45). Suppose h = 4*n - 13. What is the units digit of n?
7
Let c = -11 + 24. Let i = -8 + c. Suppose m + 3*f - 23 = 0, 0*f = -i*m + f + 35. What is the units digit of m?
8
Let g = 103 + -54. What is the tens digit of g?
4
Let p(u) = 21*u**2 - u**2 + 45*u**2 - 1 - 9*u**2. What is the tens digit of p(1)?
5
Let t = 9 - 5. Let h = 11 - t. What is the units digit of h?
7
Suppose 2*y = -u + 65, u + 98 = 3*y + 3*u. What is the tens digit of y?
3
Let v(j) = 3*j + 6. What is the units digit of v(8)?
0
Suppose -5*s - 2*q + 58 = 0, 8 = s + q - 3. Suppose -s = -4*r - 3*j + 9, 0 = -5*r - j + 40. What is the units digit of r?
9
Let o(t) = -t**3 - 3*t**2 + 3*t + 2. Let l be o(-4). What is the units digit of 178/12 + 1/l?
5
Suppose t - 3 = -2, -13 = u - t. What is the units digit of 20/(-6)*u/5?
8
Let m(y) = -y**3 + 3*y + 1. Let j be m(-2). Suppose -5*h = -s - 14 + j, 5*s - 4*h - 8 = 0. Suppose s*p - 1 = 3. What is the units digit of p?
1
Let x(h) = h**3 + 5*h**2 - 7*h - 3. Suppose -2*d = 2*d + 24. Let i be x(d). What is the units digit of i/2*(-16)/(-6)?
4
Suppose 7*y = 6*y + 8. What is the units digit of (-7 - y)*2/(-5)?
6
Let a(b) be the second derivative of -b**8/2240 - b**6/360 - b**5/120 + b**4/6 + b. Let x(p) be the third derivative of a(p). What is the units digit of x(-1)?
4
Suppose -1 = 5*b - 171. Suppose 4*g - b = 5*a + 27, 32 = 3*g - a. What is the units digit of g?
9
Let n be -2 - 0 - (0 + -2). Suppose n = h + 4*h - 55. What is the tens digit of h?
1
Let d(o) = 2*o + 14. Let a be d(-10). Let h(j) = -2*j - 5. What is the units digit of h(a)?
7
Suppose n = 14 - 2. Let a(u) = u**3 + 20. Let q be a(0). Let o = q - n. What is the units digit of o?
8
Let t = 18 - 14. Suppose 3*w - 20 = -2*q, -5*w + t*w - 20 = -2*q. What is the tens digit of q?
1
Suppose 46 = 6*j - 398. What is the units digit of j?
4
Let f(m) = m**3 + 5*m**2 - m - 1. What is the units digit of f(-5)?
4
Suppose -20 = h - 4*y, h - 6 = -2*y - 2. What is the units digit of ((-224)/h)/2 - 3?
5
Let i(l) = l. Let z be i(5). Let j be 4/2 + z + -5. Suppose 0 = -3*r + 15, -y + j*r = -2*y + 11. What is the units digit of y?
1
Let g(j) = -j**2 + 10*j - 6. Let d = 8 + -1. What is the tens digit of g(d)?
1
Let p(q) = -q**3 + 5*q**2 + q + 1. Let x be p(5). Let u = 0 + -1. Let t = x - u. What is the units digit of t?
7
Suppose -5*g = -g - 8, -4*p - 3*g = -46. Suppose -23 = -4*d - 5*k, -2*d - 2*k + 0*k + p = 0. What is the units digit of d?
2
Suppose -2*f = -2*z - 4*f + 16, -2*z + 10 = 4*f. Let l be (1 + 3)*(-27)/12. Let y = z + l. What is the units digit of y?
2
Suppose 0 = 3*b + 2*l - 10, 6*b - 3*b - 22 = l. Suppose r = b*r. Suppose r = o + 2*o - 42. What is the units digit of o?
4
Let p(z) = -z**2 - 7*z - 8. Let r be p(-9). Let c = -16 - r. What is the tens digit of c?
1
Suppose -63*v - 54 = -66*v. Let s = 1 - 1. Suppose -n + 4*n - v = s. What is the units digit of n?
6
Let t(y) = -y**3 - y**2 + 2*y. Let x be t(-2). Let s = -48 - -80. Suppose 0 = -x*k - 4*k + s. What is the units digit of k?
8
Suppose -4*c - 135 = 5. Let x = c + 56. What is the tens digit of x?
2
Let y = -34 + 51. What is the units digit of y?
7
Let c = -30 - -44. What is the tens digit of c?
1
Suppose 6 = -4*l + l. Let k be (0 - l)*19/2. Suppose -k = -2*b - 1. What is the units digit of b?
9
Let r = -24 - -13. Let w = r + -4. What is the tens digit of 2 + 7 + w/(-5)?
1
Let g(l) = -l. Let t(q) = -5*q**2 - 4*q. Let v(d) = 5*g(d) - t(d). Let a be -3 - (-5)/((-5)/(-2)). What is the units digit of v(a)?
6
Let b = -9 - -14. Suppose b*f - 44 = -u, f = -f + 3*u + 21. What is the units digit of f?
9
Let s(v) = -v**2 + 3*v + 2. Let j be s(4). Let f(w) be the first derivative of 5*w**3/3 + w**2 + w - 15. What is the tens digit of f(j)?
1
Let x be (-1 + -1)/(6/15). Let i = 5 - x. Suppose -d - 2 = 3*d